{"id":220,"date":"2023-06-20T17:16:47","date_gmt":"2023-06-20T17:16:47","guid":{"rendered":"https:\/\/projetos.startencomunicacao.com.br\/mendes\/?post_type=portfolio&#038;p=220"},"modified":"2023-06-20T17:16:48","modified_gmt":"2023-06-20T17:16:48","slug":"praca-da-estacoes-em-andamento","status":"publish","type":"portfolio","link":"https:\/\/projetos.startencomunicacao.com.br\/mendes\/portfolio-item\/praca-da-estacoes-em-andamento\/","title":{"rendered":"PRA\u00c7A DA ESTA\u00c7\u00d5ES (EM ANDAMENTO)"},"content":{"rendered":"\n<p><strong>Empreendedora:<\/strong> MG Romero<\/p>\n\n\n\n<p><strong>Servi\u00e7o Realizado:<\/strong> Estrutura em Concreto e Alvenarias<\/p>\n\n\n\n<p><strong>Cidade \/ Ano:<\/strong> S\u00e3o Jos\u00e9 do Rio Preto \u2013 SP \/ 2023<\/p>\n","protected":false},"excerpt":{"rendered":"<p>Empreendedora: MG Romero Servi\u00e7o Realizado: Estrutura em Concreto e Alvenarias Cidade \/ Ano: S\u00e3o Jos\u00e9 do Rio Preto \u2013 SP \/ 2023<\/p>\n","protected":false},"author":2,"featured_media":158,"menu_order":0,"comment_status":"open","ping_status":"closed","template":"","meta":[],"portfolio-types":[],"class_list":["post-220","portfolio","type-portfolio","status-publish","has-post-thumbnail","hentry"],"_links":{"self":[{"href":"https:\/\/projetos.startencomunicacao.com.br\/mendes\/wp-json\/wp\/v2\/portfolio\/220","targetHints":{"allow":["GET"]}}],"collection":[{"href":"https:\/\/projetos.startencomunicacao.com.br\/mendes\/wp-json\/wp\/v2\/portfolio"}],"about":[{"href":"https:\/\/projetos.startencomunicacao.com.br\/mendes\/wp-json\/wp\/v2\/types\/portfolio"}],"author":[{"embeddable":true,"href":"https:\/\/projetos.startencomunicacao.com.br\/mendes\/wp-json\/wp\/v2\/users\/2"}],"replies":[{"embeddable":true,"href":"https:\/\/projetos.startencomunicacao.com.br\/mendes\/wp-json\/wp\/v2\/comments?post=220"}],"version-history":[{"count":1,"href":"https:\/\/projetos.startencomunicacao.com.br\/mendes\/wp-json\/wp\/v2\/portfolio\/220\/revisions"}],"predecessor-version":[{"id":221,"href":"https:\/\/projetos.startencomunicacao.com.br\/mendes\/wp-json\/wp\/v2\/portfolio\/220\/revisions\/221"}],"wp:featuredmedia":[{"embeddable":true,"href":"https:\/\/projetos.startencomunicacao.com.br\/mendes\/wp-json\/wp\/v2\/media\/158"}],"wp:attachment":[{"href":"https:\/\/projetos.startencomunicacao.com.br\/mendes\/wp-json\/wp\/v2\/media?parent=220"}],"wp:term":[{"taxonomy":"portfolio-types","embeddable":true,"href":"https:\/\/projetos.startencomunicacao.com.br\/mendes\/wp-json\/wp\/v2\/portfolio-types?post=220"}],"curies":[{"name":"wp","href":"https:\/\/api.w.org\/{rel}","templated":true}]}}

PRAÇA DA ESTAÇÕES (EM ANDAMENTO)

<p><strong>Empreendedora:</strong> MG Romero</p>



<p><strong>Serviço Realizado:</strong> Estrutura em Concreto e Alvenarias</p>



<p><strong>Cidade / Ano:</strong> São José do Rio Preto – SP / 2023</p>

<p>Empreendedora: MG Romero Serviço Realizado: Estrutura em Concreto e Alvenarias Cidade / Ano: São José do Rio Preto – SP / 2023</p>
